and 376?
8
What is the highest common divisor of 6 and 143394?
6
What is the highest common factor of 33919 and 10379?
107
What is the greatest common divisor of 28522563 and 183?
183
What is the highest common divisor of 18 and 411360?
6
Calculate the greatest common factor of 607613 and 709.
709
What is the greatest common divisor of 5329 and 2336?
73
Calculate the highest common divisor of 300 and 80650.
50
What is the greatest common factor of 499510 and 950?
190
Calculate the greatest common factor of 36 and 52308.
36
What is the highest common divisor of 9245 and 170?
5
Calculate the highest common divisor of 50 and 109350.
50
What is the greatest common factor of 38912 and 128?
128
What is the highest common factor of 96 and 2488?
8
What is the greatest common divisor of 105 and 3192?
21
Calculate the greatest common factor of 172 and 196166.
86
What is the highest common divisor of 32111 and 394?
197
What is the highest common factor of 672 and 20748?
84
Calculate the greatest common divisor of 1352 and 344.
8
What is the highest common divisor of 4543 and 63?
7
Calculate the greatest common divisor of 4277 and 15275.
611
Calculate the greatest common divisor of 2782056 and 380.
76
What is the highest common factor of 134260 and 3425?
685
Calculate the greatest common divisor of 873965 and 235.
235
Calculate the highest common factor of 592 and 109816.
296
What is the greatest common divisor of 3 and 25824?
3
Calculate the greatest common divisor of 156 and 36894.
78
What is the greatest common divisor of 541902 and 185?
37
What is the highest common factor of 24382 and 105878?
334
What is the highest common divisor of 6026 and 64714?
262
What is the greatest common factor of 893925 and 50?
25
What is the highest common divisor of 2637460 and 28?
28
What is the greatest common divisor of 68 and 132532?
68
What is the highest common divisor of 254880 and 59?
59
What is the highest common factor of 8370 and 496?
62
What is the highest common factor of 498364 and 92?
92
Calculate the highest common divisor of 884 and 11804.
52
What is the greatest common divisor of 1120 and 2540?
20
Calculate the highest common divisor of 496 and 448.
16
What is the highest common divisor of 231278 and 1182?
394
What is the highest common divisor of 18 and 2101023?
9
Calculate the greatest common divisor of 32 and 73936.
16
Calculate the highest common divisor of 436522 and 202.
202
Calculate the greatest common factor of 185990 and 70.
70
Calculate the greatest common divisor of 8190 and 6720.
210
What is the greatest common factor of 2351 and 4?
1
Calculate the greatest common factor of 684 and 40052.
76
What is the highest common divisor of 476 and 406476?
28
What is the greatest common factor of 553 and 463651?
79
What is the greatest common factor of 9975 and 273?
21
Calculate the greatest common divisor of 428 and 15040.
4
What is the greatest common factor of 3332 and 9898?
98
What is the highest common divisor of 5881327 and 13735?
2747
What is the highest common factor of 845 and 505?
5
What is the highest common factor of 3920 and 1470?
490
Calculate the highest common divisor of 4272 and 1069424.
1424
What is the greatest common divisor of 1260 and 2537010?
630
Calculate the greatest common divisor of 810936 and 2520.
504
Calculate the highest common factor of 25609 and 8.
1
What is the greatest common factor of 6942 and 13494?
78
What is the highest common divisor of 88141 and 38?
19
What is the highest common divisor of 478289 and 129?
43
Calculate the highest common factor of 10438 and 69689.
307
What is the greatest common factor of 4472 and 650?
26
What is the highest common factor of 34620 and 120?
60
What is the greatest common divisor of 15007 and 86?
43
Calculate the greatest common factor of 252 and 3804.
12
Calculate the highest common divisor of 592216 and 8.
8
Calculate the greatest common factor of 177960 and 2820.
60
What is the greatest common factor of 10852 and 292?
4
Calculate the highest common divisor of 240 and 75160.
40
What is the greatest common factor of 960609 and 3?
3
What is the highest common divisor of 7629 and 3?
3
Calculate the greatest common divisor of 621216 and 192.
96
Calculate the greatest common factor of 242 and 454.
2
What is the greatest common divisor of 16448 and 9766?
514
Calculate the highest common divisor of 8425 and 13143.
337
Calculate the greatest common factor of 2300 and 175.
25
What is the highest common divisor of 1579327 and 647?
647
What is the greatest common divisor of 1243 and 8178940?
1243
Calculate the highest common factor of 275 and 268928.
11
What is the highest common divisor of 2565 and 19035?
135
What is the greatest common factor of 1020 and 65484?
204
What is the greatest common divisor of 1730 and 116429?
173
Calculate the greatest common factor of 1090 and 202304.
218
Calculate the greatest common factor of 1943 and 3973.
29
Calculate the highest common factor of 405 and 522612.
81
What is the greatest common factor of 77224 and 1568?
392
What is the highest common divisor of 2286 and 15494?
254
Calculate the highest common divisor of 151176 and 24.
24
Calculate the highest common divisor of 77736 and 30.
6
Calculate the greatest common divisor of 65661 and 129.
129
Calculate the greatest common factor of 223 and 91207.
223
Calculate the highest common divisor of 8143 and 85.
17
Calculate the highest common factor of 158 and 54115.
79
Calculate the highest common divisor of 120 and 663384.
24
Calculate the greatest common factor of 637908 and 424.
212
What is the highest common factor of 17066 and 14973?
161
Calculate the greatest common divisor of 293150 and 44.
22
What is the highest common divisor of 2 and 85010?
2
Calculate the greatest common divisor of 1917 and 5112.
639
What is the greatest common factor of 16750 and 167366?
134
What is the greatest common factor of 2506 and 644?
14
Calculate the highest common divisor of 198775 and 200.
25
Calculate the greatest common factor of 3835387 and 34.
17
Calculate the greatest common factor of 6693 and 8439.
291
What is the greatest common factor of 160 and 10718?
2
Calculate the greatest common factor of 24700 and 3575.
325
What is the greatest common factor of 24 and 9708?
12
What is the highest common divisor of 144 and 194704?
16
What is the greatest common factor of 608 and 122056?
152
What is the greatest common divisor of 146 and 319302?
146
What is the greatest common factor of 440 and 97768?
88
What is the highest common factor of 2038 and 2?
2
Calculate the greatest common divisor of 484 and 44396.
44
Calculate the greatest common factor of 1308 and 98796.
12
What is the greatest common divisor of 1360 and 317560?
680
Calculate the greatest common divisor of 110964 and 4116.
84
Calculate the greatest common divisor of 33061 and 7.
7
Calculate the greatest common divisor of 76 and 1250770.
38
Calculate the highest common factor of 167 and 61289.
167
What is the greatest common factor of 331 and 94004?
331
What is the greatest common factor of 160038 and 2601?
153
Calculate the greatest common divisor of 57 and 3100857.
57
What is the greatest common factor of 35070 and 3738?
42
Calculate the highest common factor of 36173 and 61.
61
Calculate the greatest common factor of 9 and 56649.
3
Calculate the greatest common divisor of 8 and 215224.
8
Calculate the greatest common factor of 6925 and 1925.
25
Calculate the greatest common factor of 21770 and 3710.
70
Calculate the greatest common factor of 1431 and 21.
3
What is the greatest common divisor of 17220 and 480?
60
What is the greatest common factor of 216349 and 217?
217
Calculate the greatest common divisor of 12573 and 396.
99
Calculate the highest common divisor of 7 and 3342332.
7
Calculate the highest common factor of 3266 and 5382.
46
Calculate the highest common factor of 1533 and 10052.
7
What is the highest common factor of 286 and 218933?
143
Calculate the greatest common divisor of 334 and 192551.
167
Calculate the greatest common factor of 207383 and 153.
17
Calculate the greatest common divisor of 664938 and 24.
6
Calculate the highest common factor of 1623432 and 4416.
552
Calculate the highest common divisor of 4750 and 3250.
250
What is th